{"id":6,"date":"2015-04-30T12:53:29","date_gmt":"2015-04-30T11:53:29","guid":{"rendered":"http:\/\/golfkarkopen.be\/engels\/?page_id=6"},"modified":"2017-04-07T15:49:29","modified_gmt":"2017-04-07T14:49:29","slug":"huur-een-elektrische-golfkar","status":"publish","type":"page","link":"https:\/\/golfkarkopen.be\/engels\/huur-een-elektrische-golfkar\/","title":{"rendered":"Buying a golf cart"},"content":{"rendered":"\n<style type=\"text\/css\" data-created_by=\"avia_inline_auto\" id=\"style-css-av-av_hr-ee2847e2e025ce3d30801259a03f9fd4\">\n#top .hr.hr-invisible.av-av_hr-ee2847e2e025ce3d30801259a03f9fd4{\nheight:10px;\n}\n<\/style>\n<div  class='hr av-av_hr-ee2847e2e025ce3d30801259a03f9fd4 hr-invisible  avia-builder-el-0  el_before_av_three_fifth  avia-builder-el-first '><span class='hr-inner '><span class=\"hr-inner-style\"><\/span><\/span><\/div>\n<div  class='flex_column av-av_three_fifth-2a9015ff38129c418a3f2eafba3e9512 av_three_fifth  avia-builder-el-1  el_after_av_hr  el_before_av_two_fifth  first flex_column_div  '     ><section  class='av_textblock_section av-av_textblock-0366cc7376be6c9e82a3e9cc8987b64f '   itemscope=\"itemscope\" itemtype=\"https:\/\/schema.org\/CreativeWork\" ><div class='avia_textblock'  itemprop=\"text\" ><h1>Buying a golf cart<\/h1>\n<p>Are you considering buying a <strong>golf cart<\/strong>? Then, you are in the right place for more information about <strong>golf carts, golf cars &amp; golf buggies<\/strong> (In Spain, they are called &#8220;Carrito de Golf\u201d).<\/p>\n<hr \/>\n<h1>Street legal golf carts<\/h1>\n<p>On this website, we will certainly deal with the question of whether you can drive a golf cart on public roads. Furthermore you will come across reference to Invest-mobile bvba; a certified processor\/retailer of golf carts, parts, accessories and this all in-house. All electric golf carts, and Low Speed \u200b\u200bVehicle (LSV) must have car registration papers for public roads, which must be present when driving the vehicle on the road, and issued with an official registration by the competent authority of the country where the vehicle is being driven. So, each vehicle (including electric golf carts) must be identifiable when driven on public roads. Never buy a golf cart without proper vehicle documents.<\/p>\n<hr \/>\n<h1>Commercial<\/h1>\n<p>Nowadays, golf carts and Low Speed \u200b\u200bVehicles for public roads are electrically driven which also makes them attractive for business and commercial use. Companies that buy an electric golf cart will pay hardly any duties for their use on public roads: as it happens, several European governments have abolished the single registration tax and annual road tax for these environmentally friendly cars.<\/p>\n<hr \/>\n<h1>Private<\/h1>\n<p>As a private individual, you can count on various tax incentives when purchasing an electric golf cart. All the governments want to speed up the launch of electric vehicles with several new tax benefits. Therefore, these cars are exempt from the road tax for private individuals.<\/p>\n<hr \/>\n<h1>Environmentally friendly<\/h1>\n<p>The electric golf carts are economical and therefore emit no CO2. As a result, they are road tax free for use on public roads because of the positive environmental aspect that they bring with them. Moreover, as golf carts are electric, they are also completely silent. The numerous models, accessories and options make the golf cart suitable as a multifunctional vehicle that can be used for transporting people and\/or goods. The golf cart: an environmentally friendly and functional solution for pleasure or business<\/p>\n<\/div><\/section><br \/>\n<section  class='av_textblock_section av-av_textblock-0366cc7376be6c9e82a3e9cc8987b64f '   itemscope=\"itemscope\" itemtype=\"https:\/\/schema.org\/CreativeWork\" ><div class='avia_textblock'  itemprop=\"text\" ><div style=\"width: 640px;\" class=\"wp-video\"><!--[if lt IE 9]><script>document.createElement('video');<\/script><![endif]-->\n<video class=\"wp-video-shortcode\" id=\"video-6-1\" width=\"640\" height=\"360\" poster=\"http:\/\/electric-garia.com\/wp-content\/uploads\/2017\/04\/3.jpg\" preload=\"metadata\" controls=\"controls\"><source type=\"video\/mp4\" src=\"http:\/\/www.electric-garia.com\/Clip3.mp4?_=1\" \/><a href=\"http:\/\/www.electric-garia.com\/Clip3.mp4\">http:\/\/www.electric-garia.com\/Clip3.mp4<\/a><\/video><\/div>\n<\/div><\/section><\/p><\/div><div  class='flex_column av-av_two_fifth-451a2e1d84e44e4dad6926b71f4b5553 av_two_fifth  avia-builder-el-4  el_after_av_three_fifth  el_before_av_textblock  flex_column_div  '     ><style type=\"text\/css\" data-created_by=\"avia_inline_auto\" id=\"style-css-av-av_gallery-6f5c4a360b956ef55c30a09cbd85b4d0\">\n#top .avia-gallery.av-av_gallery-6f5c4a360b956ef55c30a09cbd85b4d0 .avia-gallery-thumb a{\nwidth:100%;\n}\n<\/style>\n<div  class='avia-gallery av-av_gallery-6f5c4a360b956ef55c30a09cbd85b4d0 avia_animate_when_visible  avia-builder-el-5  avia-builder-el-no-sibling  deactivate_avia_lazyload avia-gallery-animate avia-gallery-1'  itemprop=\"image\" itemscope=\"itemscope\" itemtype=\"https:\/\/schema.org\/ImageObject\" ><meta itemprop=\"contentURL\" content=\"https:\/\/golfkarkopen.be\/engels\/huur-een-elektrische-golfkar\/\"><div class='avia-gallery-thumb'><a href=\"https:\/\/golfkarkopen.be\/engels\/wp-content\/uploads\/2015\/04\/Golfkarkopen-4-1030x687-1030x687.jpg\" data-srcset=\"https:\/\/golfkarkopen.be\/engels\/wp-content\/uploads\/2015\/04\/Golfkarkopen-4-1030x687.jpg 1030w, https:\/\/golfkarkopen.be\/engels\/wp-content\/uploads\/2015\/04\/Golfkarkopen-4-1030x687-300x200.jpg 300w, https:\/\/golfkarkopen.be\/engels\/wp-content\/uploads\/2015\/04\/Golfkarkopen-4-1030x687-705x470.jpg 705w, https:\/\/golfkarkopen.be\/engels\/wp-content\/uploads\/2015\/04\/Golfkarkopen-4-1030x687-450x300.jpg 450w\" data-sizes=\"(max-width: 1030px) 100vw, 1030px\" data-rel='gallery-1' data-prev-img='https:\/\/golfkarkopen.be\/engels\/wp-content\/uploads\/2015\/04\/Golfkarkopen-4-1030x687-495x400.jpg' class='first_thumb lightbox ' data-onclick='1' title='golfkarkopen-4-1030x687'  itemprop=\"thumbnailUrl\"  ><img decoding=\"async\" class=\"wp-image-187 avia-img-lazy-loading-not-187\"   src=\"https:\/\/golfkarkopen.be\/engels\/wp-content\/uploads\/2015\/04\/Golfkarkopen-4-1030x687-495x400.jpg\" width=\"495\" height=\"400\"  title='golfkarkopen-4-1030x687' alt='' srcset=\"https:\/\/golfkarkopen.be\/engels\/wp-content\/uploads\/2015\/04\/Golfkarkopen-4-1030x687-495x400.jpg 495w, https:\/\/golfkarkopen.be\/engels\/wp-content\/uploads\/2015\/04\/Golfkarkopen-4-1030x687-845x684.jpg 845w\" sizes=\"(max-width: 495px) 100vw, 495px\" \/><div class='big-prev-fake'><img loading=\"lazy\" decoding=\"async\" class=\"wp-image-187 avia-img-lazy-loading-187\"  width=\"495\" height=\"400\" src=\"https:\/\/golfkarkopen.be\/engels\/wp-content\/uploads\/2015\/04\/Golfkarkopen-4-1030x687-495x400.jpg\" title='golfkarkopen-4-1030x687' alt='' srcset=\"https:\/\/golfkarkopen.be\/engels\/wp-content\/uploads\/2015\/04\/Golfkarkopen-4-1030x687-495x400.jpg 495w, https:\/\/golfkarkopen.be\/engels\/wp-content\/uploads\/2015\/04\/Golfkarkopen-4-1030x687-845x684.jpg 845w\" sizes=\"(max-width: 495px) 100vw, 495px\" \/><\/div><\/a><a href=\"https:\/\/golfkarkopen.be\/engels\/wp-content\/uploads\/2015\/04\/PaddedResize14001000-GariaMansory1452x96872dpi-7.jpg\" data-srcset=\"https:\/\/golfkarkopen.be\/engels\/wp-content\/uploads\/2015\/04\/PaddedResize14001000-GariaMansory1452x96872dpi-7.jpg 900w, https:\/\/golfkarkopen.be\/engels\/wp-content\/uploads\/2015\/04\/PaddedResize14001000-GariaMansory1452x96872dpi-7-300x214.jpg 300w, https:\/\/golfkarkopen.be\/engels\/wp-content\/uploads\/2015\/04\/PaddedResize14001000-GariaMansory1452x96872dpi-7-260x185.jpg 260w, https:\/\/golfkarkopen.be\/engels\/wp-content\/uploads\/2015\/04\/PaddedResize14001000-GariaMansory1452x96872dpi-7-705x504.jpg 705w, https:\/\/golfkarkopen.be\/engels\/wp-content\/uploads\/2015\/04\/PaddedResize14001000-GariaMansory1452x96872dpi-7-450x322.jpg 450w\" data-sizes=\"(max-width: 900px) 100vw, 900px\" data-rel='gallery-1' data-prev-img='https:\/\/golfkarkopen.be\/engels\/wp-content\/uploads\/2015\/04\/PaddedResize14001000-GariaMansory1452x96872dpi-7-495x400.jpg' class='first_thumb lightbox ' data-onclick='2' title='paddedresize14001000-gariamansory1452x96872dpi-7'  itemprop=\"thumbnailUrl\"  ><img decoding=\"async\" class=\"wp-image-186 avia-img-lazy-loading-not-186\"   src=\"https:\/\/golfkarkopen.be\/engels\/wp-content\/uploads\/2015\/04\/PaddedResize14001000-GariaMansory1452x96872dpi-7-495x400.jpg\" width=\"495\" height=\"400\"  title='paddedresize14001000-gariamansory1452x96872dpi-7' alt='' \/><div class='big-prev-fake'><img loading=\"lazy\" decoding=\"async\" class=\"wp-image-186 avia-img-lazy-loading-186\"  width=\"495\" height=\"400\" src=\"https:\/\/golfkarkopen.be\/engels\/wp-content\/uploads\/2015\/04\/PaddedResize14001000-GariaMansory1452x96872dpi-7-495x400.jpg\" title='paddedresize14001000-gariamansory1452x96872dpi-7' alt='' \/><\/div><\/a><a href=\"https:\/\/golfkarkopen.be\/engels\/wp-content\/uploads\/2015\/04\/1new1.jpg\" data-srcset=\"https:\/\/golfkarkopen.be\/engels\/wp-content\/uploads\/2015\/04\/1new1.jpg 900w, https:\/\/golfkarkopen.be\/engels\/wp-content\/uploads\/2015\/04\/1new1-300x200.jpg 300w, https:\/\/golfkarkopen.be\/engels\/wp-content\/uploads\/2015\/04\/1new1-705x469.jpg 705w, https:\/\/golfkarkopen.be\/engels\/wp-content\/uploads\/2015\/04\/1new1-450x300.jpg 450w\" data-sizes=\"(max-width: 900px) 100vw, 900px\" data-rel='gallery-1' data-prev-img='https:\/\/golfkarkopen.be\/engels\/wp-content\/uploads\/2015\/04\/1new1-495x400.jpg' class='first_thumb lightbox ' data-onclick='3' title='1new'  itemprop=\"thumbnailUrl\"  ><img decoding=\"async\" class=\"wp-image-189 avia-img-lazy-loading-not-189\"   src=\"https:\/\/golfkarkopen.be\/engels\/wp-content\/uploads\/2015\/04\/1new1-495x400.jpg\" width=\"495\" height=\"400\"  title='1new' alt='' \/><div class='big-prev-fake'><img loading=\"lazy\" decoding=\"async\" class=\"wp-image-189 avia-img-lazy-loading-189\"  width=\"495\" height=\"400\" src=\"https:\/\/golfkarkopen.be\/engels\/wp-content\/uploads\/2015\/04\/1new1-495x400.jpg\" title='1new' alt='' \/><\/div><\/a><a href=\"https:\/\/golfkarkopen.be\/engels\/wp-content\/uploads\/2015\/04\/4groot1.jpg\" data-srcset=\"https:\/\/golfkarkopen.be\/engels\/wp-content\/uploads\/2015\/04\/4groot1.jpg 800w, https:\/\/golfkarkopen.be\/engels\/wp-content\/uploads\/2015\/04\/4groot1-300x199.jpg 300w, https:\/\/golfkarkopen.be\/engels\/wp-content\/uploads\/2015\/04\/4groot1-705x467.jpg 705w, https:\/\/golfkarkopen.be\/engels\/wp-content\/uploads\/2015\/04\/4groot1-450x298.jpg 450w\" data-sizes=\"(max-width: 800px) 100vw, 800px\" data-rel='gallery-1' data-prev-img='https:\/\/golfkarkopen.be\/engels\/wp-content\/uploads\/2015\/04\/4groot1-495x400.jpg' class='first_thumb lightbox ' data-onclick='4' title='4groot'  itemprop=\"thumbnailUrl\"  ><img decoding=\"async\" class=\"wp-image-188 avia-img-lazy-loading-not-188\"   src=\"https:\/\/golfkarkopen.be\/engels\/wp-content\/uploads\/2015\/04\/4groot1-495x400.jpg\" width=\"495\" height=\"400\"  title='4groot' alt='' \/><div class='big-prev-fake'><img loading=\"lazy\" decoding=\"async\" class=\"wp-image-188 avia-img-lazy-loading-188\"  width=\"495\" height=\"400\" src=\"https:\/\/golfkarkopen.be\/engels\/wp-content\/uploads\/2015\/04\/4groot1-495x400.jpg\" title='4groot' alt='' \/><\/div><\/a><\/div><\/div><\/div><\/p>\n<section  class='av_textblock_section av-av_textblock-0366cc7376be6c9e82a3e9cc8987b64f '   itemscope=\"itemscope\" itemtype=\"https:\/\/schema.org\/CreativeWork\" ><div class='avia_textblock'  itemprop=\"text\" ><hr \/>\n<p><small><a href=\"http:\/\/golfkarkopen.be\/engels\/\">Elektrische Voertuigen<\/a> | <a href=\"http:\/\/golfkarkopen.be\/engels\/\">Elektrische Golfkarren<\/a> | <a href=\"http:\/\/golfkarkopen.be\/engels\/\">Golfkarren openbare weg<\/a> | <a href=\"http:\/\/golfkarkopen.be\/engels\/huur-een-elektrische-golfkar\/\">Golfkar kopen<\/a> | <a href=\"http:\/\/golfkarkopen.be\/engels\/huur-een-elektrische-golfkar\/\">LSV<\/a> | <a href=\"http:\/\/golfkarkopen.be\/engels\/event-verhuur\/\">Nummerplaat<\/a> | <a href=\"http:\/\/golfkarkopen.be\/engels\/contact\/\">Parkeerticket<\/a> | <a href=\"http:\/\/golfkarkopen.be\/engels\/\">Elektrisch rijden<\/a> | <a href=\"http:\/\/golfkarkopen.be\/engels\/huur-een-elektrische-golfkar\/\">CO2 uitstoot<\/a> | <a href=\"http:\/\/golfkarkopen.be\/engels\/event-verhuur\/\">DIV<\/a> | <a href=\"http:\/\/golfkarkopen.be\/engels\/event-verhuur\/\">belasting op inverkeerstelling<\/a> | <a href=\"http:\/\/golfkarkopen.be\/engels\/event-verhuur\/\">100% fiscaal aftrekbaar<\/a> | <a href=\"http:\/\/golfkarkopen.be\/engels\/huur-een-elektrische-golfkar\/\">Carrito de Golf<\/a> | <a href=\"http:\/\/golfkarkopen.be\/engels\/nederlands-kenteken\/\">Marbella<\/a> | <a href=\"http:\/\/golfkarkopen.be\/engels\/nederlands-kenteken\/\">Puerto Banus<\/a> | <a href=\"http:\/\/golfkarkopen.be\/engels\/event-verhuur\/\">Certificate of Conformity<\/a> | <a href=\"http:\/\/golfkarkopen.be\/engels\/huur-een-elektrische-golfkar\/\">Spanje<\/a> | <a href=\"http:\/\/golfkarkopen.be\/engels\/huur-een-elektrische-golfkar\/\">Duitsland<\/a> | <a href=\"http:\/\/golfkarkopen.be\/engels\/huur-een-elektrische-golfkar\/\">Tr\u00e1fico<\/a> | <a href=\"http:\/\/golfkarkopen.be\/engels\/event-verhuur\/\">TUV<\/a> | <a href=\"http:\/\/golfkarkopen.be\/engels\/\">Eurocarinvest<\/a> I <a href=\"http:\/\/golfkarkopen.be\/engels\/huur-een-elektrische-golfkar\/\">Invest-Mobile bvba<\/a> I <a href=\"http:\/\/golfkarkopen.be\/engels\/event-verhuur\/\">park-drive<\/a> I <a href=\"http:\/\/golfkarkopen.be\/engels\/event-verhuur\/\">Kentekengolfplaat golfkar<\/a> I <a href=\"http:\/\/golfkarkopen.be\/engels\/prijzen\/\">Gebruikte golfkarren<\/a> I <a href=\"http:\/\/golfkarkopen.be\/engels\/nederlands-kenteken\/\">LSV<\/a> I <a href=\"http:\/\/golfkarkopen.be\/engels\/nederlands-kenteken\/\">Low Speed Vehicle<\/a> I <a href=\"http:\/\/golfkarkopen.be\/engels\/\">Knokke-Heist<\/a> I <a href=\"http:\/\/golfkarkopen.be\/engels\/\">Fluisterkar<\/a> I <a href=\"http:\/\/golfkarkopen.be\/engels\/nederlands-kenteken\/\">Carrito de Golf<\/a> I <a href=\"http:\/\/golfkarkopen.be\/engels\/\">Rijden op straat<\/a> I <a href=\"http:\/\/golfkarkopen.be\/engels\/nederlands-kenteken\/\">Street legal golf carts<\/a> I <a href=\"http:\/\/golfkarkopen.be\/engels\/keuring-en-export\/\">inspecci\u00f3n t\u00e9cnica de veh\u00edculos<\/a><\/small><\/p>\n<\/div><\/section>\n","protected":false},"excerpt":{"rendered":"","protected":false},"author":1,"featured_media":0,"parent":0,"menu_order":0,"comment_status":"open","ping_status":"open","template":"","meta":{"footnotes":""},"yoast_head":"<!-- This site is optimized with the Yoast SEO plugin v22.0 - https:\/\/yoast.com\/wordpress\/plugins\/seo\/ -->\n<title>Buying a golf cart | Golfkar kopen<\/title>\n<meta name=\"description\" content=\"Met een golfkar (golfwagen) mag u niet op de openbare weg rijden. Een golfkar voldoet niet aan de eisen van de Regeling voertuigen. Een golfkar met nummerplaat mag wel op de openbare weg. Rijden met een golfkar is fluisterstil en trendy en goedkoop golfkarren op de openbare weg. Ieder voertuig dat zich op de openbare weg begeeft, is verplicht een verzekering te nemen indien men deelneemt aan het verkeer. De huurprijs inclusief borgsom moet voldaan zijn v\u00f3\u00f3r het ingaan van de verhuurperiode anders worden de voertuigen niet afgeleverd door invest-mobile . Een golfkar is een elektrisch aangedreven wagen bestemd voor golfbanen. Alle elektrische golfkarren moeten dus voldoen aan de Europese regels voor het rijden op de openbare weg met nummerplaat.\" \/>\n<meta name=\"robots\" content=\"index, follow, max-snippet:-1, max-image-preview:large, max-video-preview:-1\" \/>\n<link rel=\"canonical\" href=\"https:\/\/golfkarkopen.be\/engels\/huur-een-elektrische-golfkar\/\" \/>\n<meta property=\"og:locale\" content=\"nl_NL\" \/>\n<meta property=\"og:type\" content=\"article\" \/>\n<meta property=\"og:title\" content=\"Buying a golf cart | Golfkar kopen\" \/>\n<meta property=\"og:description\" content=\"Met een golfkar (golfwagen) mag u niet op de openbare weg rijden. Een golfkar voldoet niet aan de eisen van de Regeling voertuigen. Een golfkar met nummerplaat mag wel op de openbare weg. Rijden met een golfkar is fluisterstil en trendy en goedkoop golfkarren op de openbare weg. Ieder voertuig dat zich op de openbare weg begeeft, is verplicht een verzekering te nemen indien men deelneemt aan het verkeer. De huurprijs inclusief borgsom moet voldaan zijn v\u00f3\u00f3r het ingaan van de verhuurperiode anders worden de voertuigen niet afgeleverd door invest-mobile . Een golfkar is een elektrisch aangedreven wagen bestemd voor golfbanen. Alle elektrische golfkarren moeten dus voldoen aan de Europese regels voor het rijden op de openbare weg met nummerplaat.\" \/>\n<meta property=\"og:url\" content=\"https:\/\/golfkarkopen.be\/engels\/huur-een-elektrische-golfkar\/\" \/>\n<meta property=\"og:site_name\" content=\"Huurgolfkar.nl\" \/>\n<meta property=\"article:modified_time\" content=\"2017-04-07T14:49:29+00:00\" \/>\n<meta name=\"twitter:card\" content=\"summary_large_image\" \/>\n<meta name=\"twitter:label1\" content=\"Geschatte leestijd\" \/>\n\t<meta name=\"twitter:data1\" content=\"3 minuten\" \/>\n<script type=\"application\/ld+json\" class=\"yoast-schema-graph\">{\"@context\":\"https:\/\/schema.org\",\"@graph\":[{\"@type\":\"WebPage\",\"@id\":\"https:\/\/golfkarkopen.be\/engels\/huur-een-elektrische-golfkar\/\",\"url\":\"https:\/\/golfkarkopen.be\/engels\/huur-een-elektrische-golfkar\/\",\"name\":\"Buying a golf cart | Golfkar kopen\",\"isPartOf\":{\"@id\":\"https:\/\/golfkarkopen.be\/engels\/#website\"},\"datePublished\":\"2015-04-30T11:53:29+00:00\",\"dateModified\":\"2017-04-07T14:49:29+00:00\",\"description\":\"Met een golfkar (golfwagen) mag u niet op de openbare weg rijden. Een golfkar voldoet niet aan de eisen van de Regeling voertuigen. Een golfkar met nummerplaat mag wel op de openbare weg. Rijden met een golfkar is fluisterstil en trendy en goedkoop golfkarren op de openbare weg. Ieder voertuig dat zich op de openbare weg begeeft, is verplicht een verzekering te nemen indien men deelneemt aan het verkeer. De huurprijs inclusief borgsom moet voldaan zijn v\u00f3\u00f3r het ingaan van de verhuurperiode anders worden de voertuigen niet afgeleverd door invest-mobile . Een golfkar is een elektrisch aangedreven wagen bestemd voor golfbanen. Alle elektrische golfkarren moeten dus voldoen aan de Europese regels voor het rijden op de openbare weg met nummerplaat.\",\"breadcrumb\":{\"@id\":\"https:\/\/golfkarkopen.be\/engels\/huur-een-elektrische-golfkar\/#breadcrumb\"},\"inLanguage\":\"nl-NL\",\"potentialAction\":[{\"@type\":\"ReadAction\",\"target\":[\"https:\/\/golfkarkopen.be\/engels\/huur-een-elektrische-golfkar\/\"]}]},{\"@type\":\"BreadcrumbList\",\"@id\":\"https:\/\/golfkarkopen.be\/engels\/huur-een-elektrische-golfkar\/#breadcrumb\",\"itemListElement\":[{\"@type\":\"ListItem\",\"position\":1,\"name\":\"Home\",\"item\":\"https:\/\/golfkarkopen.be\/engels\/\"},{\"@type\":\"ListItem\",\"position\":2,\"name\":\"Buying a golf cart\"}]},{\"@type\":\"WebSite\",\"@id\":\"https:\/\/golfkarkopen.be\/engels\/#website\",\"url\":\"https:\/\/golfkarkopen.be\/engels\/\",\"name\":\"Huurgolfkar.nl\",\"description\":\"\",\"potentialAction\":[{\"@type\":\"SearchAction\",\"target\":{\"@type\":\"EntryPoint\",\"urlTemplate\":\"https:\/\/golfkarkopen.be\/engels\/?s={search_term_string}\"},\"query-input\":\"required name=search_term_string\"}],\"inLanguage\":\"nl-NL\"}]}<\/script>\n<!-- \/ Yoast SEO plugin. -->","yoast_head_json":{"title":"Buying a golf cart | Golfkar kopen","description":"Met een golfkar (golfwagen) mag u niet op de openbare weg rijden. Een golfkar voldoet niet aan de eisen van de Regeling voertuigen. Een golfkar met nummerplaat mag wel op de openbare weg. Rijden met een golfkar is fluisterstil en trendy en goedkoop golfkarren op de openbare weg. Ieder voertuig dat zich op de openbare weg begeeft, is verplicht een verzekering te nemen indien men deelneemt aan het verkeer. De huurprijs inclusief borgsom moet voldaan zijn v\u00f3\u00f3r het ingaan van de verhuurperiode anders worden de voertuigen niet afgeleverd door invest-mobile . Een golfkar is een elektrisch aangedreven wagen bestemd voor golfbanen. Alle elektrische golfkarren moeten dus voldoen aan de Europese regels voor het rijden op de openbare weg met nummerplaat.","robots":{"index":"index","follow":"follow","max-snippet":"max-snippet:-1","max-image-preview":"max-image-preview:large","max-video-preview":"max-video-preview:-1"},"canonical":"https:\/\/golfkarkopen.be\/engels\/huur-een-elektrische-golfkar\/","og_locale":"nl_NL","og_type":"article","og_title":"Buying a golf cart | Golfkar kopen","og_description":"Met een golfkar (golfwagen) mag u niet op de openbare weg rijden. Een golfkar voldoet niet aan de eisen van de Regeling voertuigen. Een golfkar met nummerplaat mag wel op de openbare weg. Rijden met een golfkar is fluisterstil en trendy en goedkoop golfkarren op de openbare weg. Ieder voertuig dat zich op de openbare weg begeeft, is verplicht een verzekering te nemen indien men deelneemt aan het verkeer. De huurprijs inclusief borgsom moet voldaan zijn v\u00f3\u00f3r het ingaan van de verhuurperiode anders worden de voertuigen niet afgeleverd door invest-mobile . Een golfkar is een elektrisch aangedreven wagen bestemd voor golfbanen. Alle elektrische golfkarren moeten dus voldoen aan de Europese regels voor het rijden op de openbare weg met nummerplaat.","og_url":"https:\/\/golfkarkopen.be\/engels\/huur-een-elektrische-golfkar\/","og_site_name":"Huurgolfkar.nl","article_modified_time":"2017-04-07T14:49:29+00:00","twitter_card":"summary_large_image","twitter_misc":{"Geschatte leestijd":"3 minuten"},"schema":{"@context":"https:\/\/schema.org","@graph":[{"@type":"WebPage","@id":"https:\/\/golfkarkopen.be\/engels\/huur-een-elektrische-golfkar\/","url":"https:\/\/golfkarkopen.be\/engels\/huur-een-elektrische-golfkar\/","name":"Buying a golf cart | Golfkar kopen","isPartOf":{"@id":"https:\/\/golfkarkopen.be\/engels\/#website"},"datePublished":"2015-04-30T11:53:29+00:00","dateModified":"2017-04-07T14:49:29+00:00","description":"Met een golfkar (golfwagen) mag u niet op de openbare weg rijden. Een golfkar voldoet niet aan de eisen van de Regeling voertuigen. Een golfkar met nummerplaat mag wel op de openbare weg. Rijden met een golfkar is fluisterstil en trendy en goedkoop golfkarren op de openbare weg. Ieder voertuig dat zich op de openbare weg begeeft, is verplicht een verzekering te nemen indien men deelneemt aan het verkeer. De huurprijs inclusief borgsom moet voldaan zijn v\u00f3\u00f3r het ingaan van de verhuurperiode anders worden de voertuigen niet afgeleverd door invest-mobile . Een golfkar is een elektrisch aangedreven wagen bestemd voor golfbanen. Alle elektrische golfkarren moeten dus voldoen aan de Europese regels voor het rijden op de openbare weg met nummerplaat.","breadcrumb":{"@id":"https:\/\/golfkarkopen.be\/engels\/huur-een-elektrische-golfkar\/#breadcrumb"},"inLanguage":"nl-NL","potentialAction":[{"@type":"ReadAction","target":["https:\/\/golfkarkopen.be\/engels\/huur-een-elektrische-golfkar\/"]}]},{"@type":"BreadcrumbList","@id":"https:\/\/golfkarkopen.be\/engels\/huur-een-elektrische-golfkar\/#breadcrumb","itemListElement":[{"@type":"ListItem","position":1,"name":"Home","item":"https:\/\/golfkarkopen.be\/engels\/"},{"@type":"ListItem","position":2,"name":"Buying a golf cart"}]},{"@type":"WebSite","@id":"https:\/\/golfkarkopen.be\/engels\/#website","url":"https:\/\/golfkarkopen.be\/engels\/","name":"Huurgolfkar.nl","description":"","potentialAction":[{"@type":"SearchAction","target":{"@type":"EntryPoint","urlTemplate":"https:\/\/golfkarkopen.be\/engels\/?s={search_term_string}"},"query-input":"required name=search_term_string"}],"inLanguage":"nl-NL"}]}},"_links":{"self":[{"href":"https:\/\/golfkarkopen.be\/engels\/wp-json\/wp\/v2\/pages\/6"}],"collection":[{"href":"https:\/\/golfkarkopen.be\/engels\/wp-json\/wp\/v2\/pages"}],"about":[{"href":"https:\/\/golfkarkopen.be\/engels\/wp-json\/wp\/v2\/types\/page"}],"author":[{"embeddable":true,"href":"https:\/\/golfkarkopen.be\/engels\/wp-json\/wp\/v2\/users\/1"}],"replies":[{"embeddable":true,"href":"https:\/\/golfkarkopen.be\/engels\/wp-json\/wp\/v2\/comments?post=6"}],"version-history":[{"count":13,"href":"https:\/\/golfkarkopen.be\/engels\/wp-json\/wp\/v2\/pages\/6\/revisions"}],"predecessor-version":[{"id":213,"href":"https:\/\/golfkarkopen.be\/engels\/wp-json\/wp\/v2\/pages\/6\/revisions\/213"}],"wp:attachment":[{"href":"https:\/\/golfkarkopen.be\/engels\/wp-json\/wp\/v2\/media?parent=6"}],"curies":[{"name":"wp","href":"https:\/\/api.w.org\/{rel}","templated":true}]}}